 387. Let b(p) = -p**2 + 6*p - 3. Determine b(d).
-10
Let p(v) = -v**3 + 2*v**2 + 2*v + 1. Let m(h) = -19*h - 153. Let t be m(-8). Calculate p(t).
2
Let u(s) be the third derivative of -s**6/120 + s**4/24 - s**3 + 3*s**2. Suppose 5*r + 20 = -4*p, 2*p - 7 = -17. Give u(r).
-6
Suppose 7*v = 4*j + 6*v - 15, -4*v + 25 = j. Let m(w) = 5*w**2 + 12*w + 4. Let o(c) = -c**2 - c. Let q(y) = m(y) + 6*o(y). Give q(j).
9
Let f(b) = b**3 - 7*b**2 - 5. Let k(a) = a**3 - 6*a**2 - a - 5. Let c(s) = 3*f(s) - 4*k(s). Determine c(4).
5
Let u(j) = -j**3 + 12*j**2 + j + 13. Let z(n) = -2*n**3 + 25*n**2 + 3*n + 27. Let h(o) = -5*u(o) + 2*z(o). Suppose -19 = -3*v + 11. Give h(v).
-1
Let n(x) = -3*x**2 + 38*x + 36. Let h(f) = -f**2 + 13*f + 12. Let y(o) = -8*h(o) + 3*n(o). What is y(11)?
1
Let l(j) = j**3 - 5*j**2 + 3*j. Let v be l(4). Let a(t) = t + 4. Let s be a(v). Let m(g) = -514*g + 261*g + 252*g. Give m(s).
0
Suppose -3 = -3*s, -4*s + 3 = -4*u - 9. Let z(w) = -w**3 - 2*w**2 - 6*w - 3. Let g be z(u). Let m(k) = k - 10. Calculate m(g).
-1
Let g(i) = 2*i**2 - i - 1. Let q(m) = m**3 - 17*m**2 + 21*m - 55. Let u(b) = 3*g(b) - q(b). What is u(22)?
8
Let d(w) = -5*w**3 + 5*w**2 - 2*w + 9. Let z(n) = -2*n**3 - n**2 - n + 1. Let v(b) = -d(b) + 3*z(b). What is v(-8)?
2
Let x be 1*(-5)/((-5 - -5) + -1). Let c(d) = d**3 - 4*d**2 + 2*d + 7. Give c(x).
42
Let q(x) = 41 + x + 36 - 76. Let i = 18 + -23. Let z = i + -2. Give q(z).
-6
Let u(p) = p**2 - 4*p - 6. Let n = -37 - -43. Calculate u(n).
6
Let j(c) = -15*c - 74. Let f(t) = 16*t + 75. Let a(s) = 6*f(s) + 7*j(s). Calculate a(-7).
-5
Let h(a) = -a**3 - 2*a**2 - 2*a - 4. Let d = -5 - -2. Determine h(d).
11
Let v(z) = 10*z + z - 3*z + 2 - 2*z - z**2. Let n be v(5). Let s(w) = -2*w**2 - 11*w + 3. Let u(m) = 5*m**2 + 23*m - 5. Let g(h) = 7*s(h) + 3*u(h). Give g(n).
-1
Let k(r) = r + 1. Suppose 2*b - 15 + 21 = 0. Let p(w) = 1. Let i(t) = b*p(t) - k(t). Calculate i(0).
-4
Suppose 3*m - 3*t - 90 = 0, -5*t + t - 16 = 0. Let x be m/(-6) - 34/51. Let b = x - -10. Let l(c) = c - 3. Calculate l(b).
2
Let y(v) = 1 + 3*v + 2 - 4. Let j(f) = -8*f + 3. Let a(z) = -4*j(z) - 11*y(z). Give a(4).
-5
Let n(j) = -j**2 + 4*j + 5. Let r(u) = -u**2 - 49*u + 334. Let b be r(6). What is n(b)?
5
Suppose -5*y + 15 = -5*l, -3*l + 1 = 4. Suppose 0*s - y*a = 3*s + 27, 2*s + 18 = -a. Let d = s - -4. Let m(o) = o - 1. Calculate m(d).
-6
Let c(q) be the second derivative of q + 0*q**4 + 0*q**2 + 7/20*q**5 + 1/6*q**3 + 0. Let t(u) = -93*u - 652. Let m be t(-7). Calculate c(m).
-8
Let h(x) = x**3 + 5*x**2 - x + 1. Suppose 744*t - 50 = 754*t. Calculate h(t).
6
Let l(t) = 2*t**3 - 11*t**2 + 26*t - 18. Let y be l(2). Let r(i) be the third derivative of i**6/120 - 7*i**5/60 + 7*i**4/24 - 2*i**3/3 - i**2. What is r(y)?
2
Let l be 32/5 + 4/(-10). Let x(s) be the first derivative of -s**4/4 + 7*s**3/3 - 3*s**2 + 9*s - 34. Calculate x(l).
9
Let w(x) = -x**3 + 5*x**2 + 3*x + 5. Suppose 40 = 2*v - 6*v. Let n be -1 - 1 - (3 + v). Let p = 1 + n. What is w(p)?
-13
Suppose 0 = 4*k - t - 325, 5*k - 342 = -2*t + 61. Let o = 82 - k. Let j(b) = -26*b**2 + 1. Determine j(o).
-25
Let t(y) = -y**3 - 5*y**2 - 5*y - 2. Let b be t(-3). Let c(w) = -w - 2. Let q(m) = -386*m - 8 - 5 + 381*m. Let x(u) = 4*c(u) - q(u). What is x(b)?
0
Suppose 18*u = -2 - 16. Let l(c) = -24*c**3 + 1. What is l(u)?
25
Let z(p) = -p**2 + 10*p + 39. Let y = -369 - -382. Calculate z(y).
0
Let m = -272 + 272. Let a(b) be the third derivative of 0 + 1/24*b**4 + b**2 + 0*b - 3/2*b**3 + 1/60*b**5. Calculate a(m).
-9
Let w(r) = r**3 - 9*r**2 + 9*r + 7. Suppose 0 = -3*l + 117 - 93. Give w(l).
15
Let o(b) = b - 6. Let m(c) = -2*c + 5. Let z(k) = -2*m(k) - 3*o(k). Let l(j) = -8*j + 15. Let v be l(-19). Let w = 167 - v. Give z(w).
8
Let q(a) = 2*a + 4. Suppose c + 5*v = 9*v + 7, 9 = -3*c + 2*v. Calculate q(c).
-6
Let y(c) be the third derivative of 49*c**4/24 + 2*c**2. Let z(x) = x. Let b(f) = -y(f) + 42*z(f). Calculate b(1).
-7
Let f(c) = -c + 2. Suppose x + s - 6 = 0, 4*x - 4*s = -0*x. Suppose 0 = -o + x. Suppose d - 4 = o. Determine f(d).
-5
Let l(b) = 4*b**2 + 8*b - 21. Let n(s) = -6*s**2 - 4*s + 21. Let m(j) = -4*l(j) - 3*n(j). Determine m(9).
3
Let g = -3 - -4. Let x(v) = -3*v + 1. Let a(y) = y. Let q(o) = g*x(o) + 6*a(o). Calculate q(2).
7
Let f(x) = x**3 - 8*x**2 + 9*x - 8. Let b = -47 - -54. Calculate f(b).
6
Let z be (-2)/(-7) - (-80)/14. Let y(q) = -q**3 + 11*q**2 - 11*q - 10. Let j(f) = -f**2 + f + 1. Let o(p) = -4*j(p) - y(p). Give o(z).
12
Let p(l) = -l + 1. Suppose -17*u = -10*u + 7. Give p(u).
2
Let a(d) = -d**2 - 8*d + 9. Let k be (-188)/423 - 77/9. What is a(k)?
0
Let q(s) = -s**3 + s**2 + 2*s + 1. Let i(r) = 4*r**3 - 22*r**2 - 14*r - 24. Let j(n) = i(n) + 6*q(n). Calculate j(-8).
-2
Let s = -10 + 17. Let h = -53 + 55. Let m(l) = 1 + l**3 + 16 - 5*l**h - 9 - s*l. Calculate m(6).
2
Let d be (-3)/2*(-4 + 2). Suppose 0 = d*b - 3. Let a(u) be the third derivative of -u**5/5 - 10*u**2. Give a(b).
-12
Let k(s) = s**3 + s**2 - 2*s. Let f be k(-3). Let u be f/10*(28 + -3). Let q be (8/(-12))/((-4)/u). Let i(x) = x**2 + 3*x - 7. What is i(q)?
3
Let o(t) = -t + 8. Let l be 0 + (2 - (4/2 - 0)). Suppose 3*r - 8*r - 39 = -4*u, -3*u - 4*r + 6 = l. What is o(u)?
2
Suppose 0 = k + k + 10. Let n = -103 + 98. Let c(o) = -o - 2. Let u(f) = -4*f - 7. Let x(w) = n*c(w) + u(w). Calculate x(k).
-2
Let g be 24/2*(-2)/(-6). Suppose 0 = -3*n + g*n - 4*h - 7, -5*n = -5*h - 20. Let z(f) = f**3 - 4*f**2 + 2*f - 1. Determine z(n).
-4
Let c = 0 + 1. Let x be c/(4/(19 - 3)). Let s(r) = 0 - 2 - r**3 + x + 2*r**2 - 1 + 2*r. Determine s(-1).
2
Let a(g) = g**3 + 7*g**2 + 6*g + 1. Let y(l) = -l**3 - 7*l**2 - 6*l - 2. Let t(c) = -4*a(c) - 3*y(c). Let u = -1151 + 1145. Give t(u).
2
Suppose -12 = 3*i + 43*z - 40*z, 19 = -i + 4*z. Let y(l) = l**2 + 8*l + 7. Calculate y(i).
0
Let u(g) be the first derivative of g**4/24 - 13*g**3/6 + g**2 + 7*g + 24. Let f(p) be the second derivative of u(p). Calculate f(8).
-5
Let o(l) = 27 - 20 - 4*l - 9. Suppose -2*d + 4 = 5*h, -h = -0*h - 4*d - 14. Suppose 4*p + h = -3*n, -p + n - 4 = -0*n. Calculate o(p).
6
Let t(n) = 7*n**2 - 6*n - 9. Let i(h) = 6*h**2 - 4*h - 8. Let v(l) = 6*i(l) - 5*t(l). Determine v(-3).
-12
Let m(g) = -2*g - 2*g + g + 3 + 0*g. Let o(p) = -p**3 + 9*p**2 + 10*p - 5. Let z be o(10). Give m(z).
18
Let a = -32 - -83. Let p = 43 - a. Let t(q) = -q**2 - 6*q + 8. Calculate t(p).
-8
Let i(z) = z**2 - z - 1. Suppose r + 7 = -2*w, 5*r = 74*w - 78*w - 23. Determine i(w).
5
Let k be ((-12)/36)/((-2)/42). Let o(b) = -11*b + 4*b**2 - 5*b**2 + 2*b + 3 + 2*b**2. Let f(w) = w - 1. Let p(t) = -2*f(t) - o(t). Determine p(k).
-1
Let y be (5 + -3 - 2/4)*2. Let z(r) = -2*r**y + 357*r + 5*r**2 - 1 + 3*r**3 - 364*r. Give z(-6).
5
Let v be ((-12)/(-14))/((-132)/616). Let i(s) = s**3 + 4*s**2 - 2*s - 1. Calculate i(v).
7
Suppose 0 = -5*s + 3*r - 1 + 21, -3*r + 50 = 5*s. Let p(q) = -q**3 + 6*q**2 + 6*q - 10. Calculate p(s).
-17
Suppose 2*y = 97 - 33. Let z(m) = m**2 - 5*m**2 + 0 + m**3 - 6 - 38*m + y*m. Suppose u - 4*l = l - 10, 5*u = -l + 28. Give z(u).
-11
Let k be (-5)/240*(-5 - -3). Let m(o) be the third derivative of -k*o**4 + 0*o - 1/6*o**3 + 0 - 4*o**2. Calculate m(0).
-1
Let r(k) = -7*k**2 - 1. Let c(t) = 76*t**2 + 8. Let n(a) = 2*c(a) + 22*r(a). Determine n(-4).
-38
Let u(v) = -4*v - 13. Let y be u(-5). Suppose -j - y = -2. Let a(q) = -q**2 - 6*q - 6. Calculate a(j).
-1
Let v be 9/(126/8)*14/4. Let a(u) = 3 + 7*u**2 + 0 - 3*u - 3*u**2. What is a(v)?
13
Suppose -14*d + 19 = 5. Let a(t) = 17*t**2 - 2*t + 1. Determine a(d).
16
Suppose -5*s + 2*v + 10 = -0*s, 3*v = 3*s + 3. Let q(p) = p**2 - 3*p - 6. Give q(s).
-2
Let m(v) be the first derivative of 3 - 1/4*v**4 - 1/2*v**2 - v - 4/3*v**3. Suppose -3*q + 4*z - 32 = 0, 5*q + 3*z - 8*z + 45 = 0. Determine m(q).
3
Let g(p) = -p**3 + 2. Suppose 3*y - 12 = 0, 2*y + 2 = -l + 3*y. Let a(t) = -36 + t**2 - 6*t - 2*t**l + 45 - 7*t**2 - t**3. Let z be a(-7). Calculate g(z).
-6
Let y(w) = w**3 - 4*w**2 + 3*w - 4. Suppose -x - 2*n = -2*x, -15 = -3*x + n. Suppose x*s - 9 = -b + 8*s, -4*b - 4*s = 0. Determine y(b).
-4
Let p(w) = -2*w**2 + 3*w. Suppose -2*c - 3*s - 2 = 9, -12 = 3*c + 3*s. Let n(x) = x**2 + x + 1. Let m(o) = c*p(o) - 3*n(o). Give m(-2).
5
Let p(r) = -r*